- 114453132?
-114453344
In base 3, what is 11210201222212 - -20110?
11210202020022
In base 6, what is -542243225 + -5?
-542243234
In base 12, what is -2008865 - 2?
-2008867
In base 15, what is 4e39 + -149a?
398e
In base 8, what is 2731 - -3232045?
3234776
In base 12, what is 570 + 3a33?
43a3
In base 16, what is -25e + 1abe7?
1a989
In base 14, what is -7 - -5bc21ac?
5bc21a5
In base 4, what is 1032200 + -2111?
1030023
In base 2, what is 10001000010100110 + 1100111110?
10001001111100100
In base 13, what is 104 + 5494?
5598
In base 16, what is 53988 + 50?
539d8
In base 10, what is -3553044 - 5?
-3553049
In base 7, what is 202 + 5232454?
5232656
In base 9, what is 25577 - 3611?
21866
In base 9, what is 3110 + 51707?
54817
In base 10, what is 17374 + -12869?
4505
In base 4, what is -30221031 + -2102?
-30223133
In base 9, what is -663 - 12264?
-13037
In base 10, what is 2051866 - -60?
2051926
In base 10, what is 1020 + -13580?
-12560
In base 7, what is 164626 + -100603?
64023
In base 14, what is 3 - -7ad827?
7ad82a
In base 11, what is 5 - 968987?
-968982
In base 14, what is -6 - 424d292?
-424d298
In base 14, what is 30 - -151332?
151362
In base 7, what is -240562404 + 3?
-240562401
In base 14, what is -d85 - -dd2?
4b
In base 4, what is -13321021130220 + 10?
-13321021130210
In base 2, what is 11 + 10111111001100000011101110011?
10111111001100000011101110110
In base 7, what is -2221140135 + -2?
-2221140140
In base 5, what is -3310 + 34214320?
34211010
In base 3, what is -2 + -122012022110212?
-122012022110221
In base 8, what is 5 + -730774502?
-730774475
In base 12, what is 2 + -a310207?
-a310205
In base 5, what is -14004043031 + 20?
-14004043011
In base 5, what is 22414333322 - -2?
22414333324
In base 12, what is -463 - 17509?
-17970
In base 11, what is -5068a + 742?
-4aa48
In base 10, what is 8 + -3599892?
-3599884
In base 13, what is -c8a37a4 - -3?
-c8a37a1
In base 5, what is 12 + 110302311120?
110302311132
In base 12, what is -1515 + -2846?
-415b
In base 2, what is -11011001 + -1101101110100100100?
-1101101110111111101
In base 10, what is -5 - 586842?
-586847
In base 14, what is -4051a + d58?
-3d5a2
In base 4, what is -2013123 - 22201?
-2101330
In base 2, what is -10100111010101101 + -111111101?
-10101000010101010
In base 14, what is -615c7 - -5?
-615c2
In base 15, what is 2d - 7a29c?
-7a26e
In base 13, what is 217b - 83?
20c8
In base 8, what is -361721 - -1054?
-360645
In base 4, what is 21223312301 + -10123?
21223302112
In base 6, what is 105 - -33554053?
33554202
In base 15, what is 5 - 7760c?
-77607
In base 15, what is -13d70 - 77?
-13de7
In base 9, what is -56508082 + -5?
-56508087
In base 2, what is 10100100010010000010101010100 + 10?
10100100010010000010101010110
In base 6, what is -13445 - 53014?
-110503
In base 3, what is 1010102021 + -20001?
1010012020
In base 12, what is 446 + -4a48?
-4602
In base 15, what is -1a03 - -3c0?
-1633
In base 3, what is 21211222 + -220011?
20221211
In base 11, what is 719 - 685?
44
In base 2, what is 1110110011110101100 - -100111?
1110110011111010011
In base 4, what is 10 + -32223022213?
-32223022203
In base 10, what is -1024922 - -27?
-1024895
In base 2, what is 1010010010011101001 - 11000?
1010010010011010001
In base 3, what is -1012 - 2200121020122?
-2200121021211
In base 10, what is 3658730 - 11?
3658719
In base 11, what is 4578a0 - 497?
457404
In base 5, what is -30312012034 - -10?
-30312012024
In base 3, what is -1021221011102201 + 1?
-1021221011102200
In base 16, what is -5d5 + -49b4a?
-4a11f
In base 9, what is 25546 - -874?
26531
In base 5, what is 120 + -332443044?
-332442424
In base 4, what is -20330331002 - 112?
-20330331120
In base 6, what is -403 - 32210?
-33013
In base 9, what is 404666 + 822?
405588
In base 5, what is -2124132 + 120?
-2124012
In base 5, what is -1 - -212313004143?
212313004142
In base 8, what is -3 - -712241621?
712241616
In base 12, what is -b76 + -10455?
-1140b
In base 5, what is -30 + -44132022?
-44132102
In base 13, what is -a4511 + 24?
-a44ba
In base 11, what is -33 - -3440aa3?
3440a70
In base 3, what is -1122010120110 + -2?
-1122010120112
In base 16, what is 294a + 645?
2f8f
In base 5, what is -113 - -430301112?
430300444
In base 6, what is 10044544403 - 5?
10044544354
In base 10, what is 37806153 - 5?
37806148
In base 14, what is -4203c + 1c?
-42020
In base 2, what is -1111101111011001 + -1111110?
-1111110001010111
In base 9, what is 10233733 - 1?
10233732
In base 13, what is b4 - 155c1?
-1550a
In base 9, what is 2668 - 21703?
-18024
In base 14, what is -ca - 61a56?
-61b42
In base 11, what is 547a - -325?
57a4
In base 4, what is 1023122111 - -130?
1023122301
In base 10, what is 373116 - -583?
373699
In base 8, what is -105031 - 106?
-105137
In base 4, what is 120113 - 200131?
-20012
In base 15, what is b9b477 + -3?
b9b474
In base 6, what is 45 - -14140015?
14140104
In base 16, what is 3 + 94e07?
94e0a
In base 3, what is 10020 - -200200012200?
200200022220
In base 16, what is 36417b - -2?
36417d
In base 10, what is -4 - 16211258?
-16211262
In base 14, what is -12c2394 + 0?
-12c2394
In base 12, what is 7413425 - 0?
7413425
In base 13, what is 1469 - c10?
559
In base 7, what is -5 - 1460265023?
-1460265031
In base 8, what is -4 - 1424247041?
-1424247045
In base 2, what is -10001101010011001101101010 - 101?
-10001101010011001101101111
In base 6, what is 304 - -303100121?
303100425
In base 16, what is 34d + -1afe?
-17b1
In base 3, what is -10122212212 - 10111?
-10200000100
In base 6, what is -113521511 + -5?
-113521520
In base 9, what is -886770668 - 0?
-886770668
In base 5, what is 14110 - 12013324?
-11444214
In base 6, what is 255402 - -421?
300223
In base 13, what is 1a8b99 - -197?
1a9063
In base 15, what is -8 + 25d36?
25d2d
In base 9, what is 18736135 + -20?
18736115
In base 8, what is 5060 - -15642?
22722
In base 11, what is -3a127 + -2474?
-415a0
In base 5, what is -103 + 403023124?
403023021
In base 7, what is 43351506 - -5?
43351514
In base 3, what is -1212222112122 + -10?
-1212222112202
In base 16, what is 9 - -17ebd9?
17ebe2
In base 16, what is -1a0d3 + -67?
-1a13a
In base 10, what is -100 + 2096143?
2096043
In base 14, what is -3 - -46d0156?
46d0153
In base 16, what is 128496 - 3?
128493
In base 7, what is 321310 + -111?
321166
In base 16, what is -5 + -23482ce?
-23482d3
In base 4, what is -101121 + -3031313?
-3133100
In base 7, what is 43662432 + 22?
43662454
In base 11, what is 4a + -5532237?
-5532198
In base 10, what is 353 + -280965?
-280612
In base 2, what is 1011 + 11001000011111110110100?
11001000011111110111111
In base 12, what is 28999 + 590?
29369
In base 13, what is 0 + 9c0219a?
9c0219a
In base 11, what is 19955743 + 8?
19955750
In base 10, what is -280 + 105625?
105345
In base 2, what is -100010010 + -1010110000100010?
-1010110100110100
In base 6, what is 11204554 + -1003?
11203551
In base 5, what is -303134211 + -10?
-303134221
In base 4, what is -220123101220 - -2?
-220123101212
In base 11, what is -1727aa24a + -5?
-1727aa254
In base 4, what is 11 + 301022133032?
301022133103
In base 10, what is 1012 - -130363?
131375
In base 16, what is -1e22 + c5b?
-11c7
In base 5, what is -30332232132 - 42?
-30332232224
In base 14, what is 251479 - -71?
25150a
In base 14, what is 6925 - 1222b?
-9706
In base 11, what is -1a017 - 1a295?
-39301
In base 15, what is -b - b3455d4?
-b3455e0
In base 6, what is 3131050532 - -10?
3131050542
In base 4, what is -1012 - -112232323?
112231311
In base 16, what is 72 - 43719?
-436a7
In base 16, what is -4 + a7e17c5?
a7e17c1
In base 7, what is -1 - -423512026?
423512025
In base 13, what is 4a84bb7 - 4?
4a84bb3
In base 3, what is 1221001121002 + -22000?
1221001022002
In base 12, what is 4 - -1866991?
1866995
In base 16, what is -3fdd646 - 4?
-3fdd64a
In base 6, what is -102255331 + -1043?
-102300414
In base 3, what is 112 + 120202200100221?
120202200101110
In base 7, what is -155243 - -44?
-155166
In base 12, what is -7 - 734282?
-734289
In base 8, what is -146 - -31430725?
31430557
In base 14, what is 208 + 17a14?
17c1c
In base 16, what is -4 + -288073?
-288077
In base 16, what is 26a - 30de?
-2e74
In base 3, what is -110222 - -20220011122?
20212200200
In base 10, what is 94 - 4035223?
-4035129
In base 4, what is -221032230102